{"id":36,"date":"2020-09-28T19:34:48","date_gmt":"2020-09-28T19:34:48","guid":{"rendered":"https:\/\/kita-stjosef-ab.de\/?page_id=36"},"modified":"2025-07-10T13:45:35","modified_gmt":"2025-07-10T13:45:35","slug":"kinderkrippe","status":"publish","type":"page","link":"https:\/\/kita-stjosef-ab.de\/?page_id=36","title":{"rendered":"Kinderkrippe"},"content":{"rendered":"\n<p>Viele kleine F\u00fc\u00dfe kommen jeden Tag zu uns in die Kindertagesst\u00e4tte und sind gespannt, was sie an diesem Tag erwartet.<\/p>\n\n\n\n<p>In unserer Kinderkrippe gibt es zwei Gruppen, die jeweils von 12 Kindern im Alter von 0-3 Jahren besucht werden.<\/p>\n\n\n\n<div class=\"wp-block-group\"><div class=\"wp-block-group__inner-container is-layout-flow wp-block-group-is-layout-flow\">\n<ul class=\"wp-block-list\"><li>K\u00fckengruppe<\/li><li>Fr\u00f6schegruppe<\/li><\/ul>\n<\/div><\/div>\n\n\n\n<p>Besonders wichtig ist es uns, dass die Kinder und ihre Familien gerne zu uns kommen und unser gegenseitiges Miteinander von N\u00e4chstenliebe gepr\u00e4gt ist.<\/p>\n\n\n\n<p>Das Kind verl\u00e4sst mit seinem ersten Tag in der Kinderkrippe f\u00fcr eine Weile die ihm vertraute Umgebung seiner Familie. Der Tagesablauf in der Krippe gibt die wesentliche Struktur vor, in der das Kind in seiner k\u00f6rperlichen, geistigen und seelischen Entwicklung begleitet, angeregt und gef\u00f6rdert wird.<\/p>\n\n\n\n<div class=\"wp-block-group\"><div class=\"wp-block-group__inner-container is-layout-flow wp-block-group-is-layout-flow\">\n<ul class=\"wp-block-list\"><li><strong>07:00 &#8211; 09:00 Uhr:<\/strong><br>Bringzeit, Ankommen in der Kinderkrippe<\/li><li><strong>09:00 Uhr:<\/strong><br>Gemeinsames Fr\u00fchst\u00fcck<\/li><li><strong>09:30 &#8211; 10:00 Uhr:<\/strong><br>Wickeln, verschiedene Angebote wie kneten, malen mit Wasserfarbe oder Buntstiften, Bastelangebote&#8230;<\/li><li><strong>10:15 Uhr:<\/strong><br>Morgenkreis<\/li><li><strong>10:30 Uhr:<\/strong><br>Wir gehen in den Garten oder spazieren<\/li><li><strong>11:30 Uhr:<\/strong><br>Mittagessen<\/li><li><strong>12:00 Uhr:<\/strong><br>Mittagsschlaf und Mittagsruhe<\/li><\/ul>\n\n\n\n<h4 class=\"has-text-align-center wp-block-heading\">Beitragsliste Stand 01.07.2025<\/h4>\n\n\n\n<figure class=\"wp-block-table is-style-stripes\"><table><thead><tr><th><strong>t\u00e4gl. gebuchte Stunden<\/strong><\/th><th>monatliche Elternbeitrag<\/th><\/tr><\/thead><tbody><tr><td>bis 5 Stunden<\/td><td>365,00\u20ac<\/td><\/tr><tr><td>bis 6 Stunden<\/td><td>390,00\u20ac<\/td><\/tr><tr><td>bis 7 Stunden<\/td><td>415,00\u20ac<\/td><\/tr><tr><td>bis 8 Stunden<\/td><td>440,00\u20ac<\/td><\/tr><tr><td>bis 9 Stunden<\/td><td>465,00\u20ac<\/td><\/tr><tr><td>bis 10 Stunden<\/td><td>490,00\u20ac<\/td><\/tr><\/tbody><\/table><\/figure>\n\n\n\n<p>Hinzukommt ein Verpflegungsentgelt f\u00fcr den von der Einrichtung gestellten Nachmittagssnack in H\u00f6he von 20,00 \u20ac.<\/p>\n<\/div><\/div>\n","protected":false},"excerpt":{"rendered":"<p>Viele kleine F\u00fc\u00dfe kommen jeden Tag zu uns in die Kindertagesst\u00e4tte und sind gespannt, was sie an diesem Tag erwartet. In unserer Kinderkrippe gibt es zwei Gruppen, die jeweils von 12 Kindern im Alter von 0-3 Jahren besucht werden. K\u00fckengruppe &hellip; <\/p>\n","protected":false},"author":1,"featured_media":0,"parent":0,"menu_order":0,"comment_status":"closed","ping_status":"closed","template":"","meta":{"footnotes":""},"class_list":["post-36","page","type-page","status-publish","hentry"],"_links":{"self":[{"href":"https:\/\/kita-stjosef-ab.de\/index.php?rest_route=\/wp\/v2\/pages\/36","targetHints":{"allow":["GET"]}}],"collection":[{"href":"https:\/\/kita-stjosef-ab.de\/index.php?rest_route=\/wp\/v2\/pages"}],"about":[{"href":"https:\/\/kita-stjosef-ab.de\/index.php?rest_route=\/wp\/v2\/types\/page"}],"author":[{"embeddable":true,"href":"https:\/\/kita-stjosef-ab.de\/index.php?rest_route=\/wp\/v2\/users\/1"}],"replies":[{"embeddable":true,"href":"https:\/\/kita-stjosef-ab.de\/index.php?rest_route=%2Fwp%2Fv2%2Fcomments&post=36"}],"version-history":[{"count":7,"href":"https:\/\/kita-stjosef-ab.de\/index.php?rest_route=\/wp\/v2\/pages\/36\/revisions"}],"predecessor-version":[{"id":486,"href":"https:\/\/kita-stjosef-ab.de\/index.php?rest_route=\/wp\/v2\/pages\/36\/revisions\/486"}],"wp:attachment":[{"href":"https:\/\/kita-stjosef-ab.de\/index.php?rest_route=%2Fwp%2Fv2%2Fmedia&parent=36"}],"curies":[{"name":"wp","href":"https:\/\/api.w.org\/{rel}","templated":true}]}}

<p>Viele kleine Füße kommen jeden Tag zu uns in die Kindertagesstätte und sind gespannt, was sie an diesem Tag erwartet.</p>



<p>In unserer Kinderkrippe gibt es zwei Gruppen, die jeweils von 12 Kindern im Alter von 0-3 Jahren besucht werden.</p>



<div class="wp-block-group"><div class="wp-block-group__inner-container is-layout-flow wp-block-group-is-layout-flow">
<ul class="wp-block-list"><li>Kükengruppe</li><li>Fröschegruppe</li></ul>
</div></div>



<p>Besonders wichtig ist es uns, dass die Kinder und ihre Familien gerne zu uns kommen und unser gegenseitiges Miteinander von Nächstenliebe geprägt ist.</p>



<p>Das Kind verlässt mit seinem ersten Tag in der Kinderkrippe für eine Weile die ihm vertraute Umgebung seiner Familie. Der Tagesablauf in der Krippe gibt die wesentliche Struktur vor, in der das Kind in seiner körperlichen, geistigen und seelischen Entwicklung begleitet, angeregt und gefördert wird.</p>



<div class="wp-block-group"><div class="wp-block-group__inner-container is-layout-flow wp-block-group-is-layout-flow">
<ul class="wp-block-list"><li><strong>07:00 &#8211; 09:00 Uhr:</strong><br>Bringzeit, Ankommen in der Kinderkrippe</li><li><strong>09:00 Uhr:</strong><br>Gemeinsames Frühstück</li><li><strong>09:30 &#8211; 10:00 Uhr:</strong><br>Wickeln, verschiedene Angebote wie kneten, malen mit Wasserfarbe oder Buntstiften, Bastelangebote&#8230;</li><li><strong>10:15 Uhr:</strong><br>Morgenkreis</li><li><strong>10:30 Uhr:</strong><br>Wir gehen in den Garten oder spazieren</li><li><strong>11:30 Uhr:</strong><br>Mittagessen</li><li><strong>12:00 Uhr:</strong><br>Mittagsschlaf und Mittagsruhe</li></ul>



<h4 class="has-text-align-center wp-block-heading">Beitragsliste Stand 01.07.2025</h4>



<figure class="wp-block-table is-style-stripes"><table><thead><tr><th><strong>tägl. gebuchte Stunden</strong></th><th>monatliche Elternbeitrag</th></tr></thead><tbody><tr><td>bis 5 Stunden</td><td>365,00€</td></tr><tr><td>bis 6 Stunden</td><td>390,00€</td></tr><tr><td>bis 7 Stunden</td><td>415,00€</td></tr><tr><td>bis 8 Stunden</td><td>440,00€</td></tr><tr><td>bis 9 Stunden</td><td>465,00€</td></tr><tr><td>bis 10 Stunden</td><td>490,00€</td></tr></tbody></table></figure>



<p>Hinzukommt ein Verpflegungsentgelt für den von der Einrichtung gestellten Nachmittagssnack in Höhe von 20,00 €.</p>
</div></div>

<p>Viele kleine Füße kommen jeden Tag zu uns in die Kindertagesstätte und sind gespannt, was sie an diesem Tag erwartet. In unserer Kinderkrippe gibt es zwei Gruppen, die jeweils von 12 Kindern im Alter von 0-3 Jahren besucht werden. Kükengruppe &hellip; </p>
