{"id":39,"date":"2020-09-28T19:34:48","date_gmt":"2020-09-28T19:34:48","guid":{"rendered":"https:\/\/kita-stjosef-ab.de\/?page_id=39"},"modified":"2025-07-19T11:15:59","modified_gmt":"2025-07-19T11:15:59","slug":"kindergarten-abc","status":"publish","type":"page","link":"https:\/\/kita-stjosef-ab.de\/?page_id=39","title":{"rendered":"Kindergarten ABC"},"content":{"rendered":"\n<h2 class=\"wp-block-heading\">Abholung des Kindes<\/h2>\n\n\n\n<p>Bitte teilen Sie uns mit, wenn eine uns unbekannte Person Ihr Kind abholt. Abholende Geschwisterkinder m\u00fcssen mindestens 12 Jahre sein.<\/p>\n\n\n\n<h3 class=\"wp-block-heading\">Abholzeit<\/h3>\n\n\n\n<p>Bitte halten Sie die vereinbarten Abholzeiten ein.<\/p>\n\n\n\n<p>Diese sind wie folgt:<\/p>\n\n\n\n<div class=\"wp-block-group\"><div class=\"wp-block-group__inner-container is-layout-flow wp-block-group-is-layout-flow\">\n<ul class=\"wp-block-list\"><li>11.45 \u2013 12.00 Uhr<\/li><li>ab 14.00 Uhr k\u00f6nnen Sie Ihr Kind der Buchungszeit entsprechend abholen.<\/li><\/ul>\n\n\n\n<p><\/p>\n<\/div><\/div>\n\n\n\n<h3 class=\"wp-block-heading\">Auffanggruppe<\/h3>\n\n\n\n<p>\u2026 von 7.00 &#8211; 8.00 Uhr in der Maulwurfgruppe. Dort werden Ihre Kinder von 2 Mitarbeitern unseres p\u00e4dagogischen Personals betreut und um 8.00 Uhr vom Gruppenteam abgeholt.<\/p>\n\n\n\n<h3 class=\"wp-block-heading\">Aufsichtspflicht<\/h3>\n\n\n\n<p>W\u00e4hrend der vereinbarten \u00d6ffnungszeiten ist das p\u00e4dagogische Personal f\u00fcr die Aufsicht Ihres Kindes verantwortlich. Diese Aufsichtspflicht beginnt bei der \u00dcbergabe des Kindes an das Personal und endet mit der \u00dcbergabe des Kindes an die Eltern bzw. die abholende Person.<\/p>\n\n\n\n<p>Bei Festen und Veranstaltungen obliegt die Aufsichtspflicht bei den Eltern.<\/p>\n\n\n\n<h3 class=\"wp-block-heading\">Abwesenheit der Kinder<\/h3>\n\n\n\n<p>Teilen Sie uns bitte telefonisch oder per E-Mail mit, falls Ihr Kind wegen Krankheit, Urlaub etc. die Einrichtung nicht besuchen kann.<\/p>\n\n\n\n<h3 class=\"wp-block-heading\">Bringzeit<\/h3>\n\n\n\n<p>\u2026 endet um 9.00 Uhr<\/p>\n\n\n\n<h3 class=\"wp-block-heading\">Buchungszeiten<\/h3>\n\n\n\n<p>Bitte achten Sie auf Ihre gebuchten Zeiten!<\/p>\n\n\n\n<p>Die Buchung gilt innerhalb eines Kindergartenjahres. Bei Umbuchungen au\u00dferhalb der Zeit k\u00f6nnen Sie uns ansprechen. Ihr Kind kann die Einrichtung nur innerhalb der gebuchten Stunden besuchen. Ausnahmen sind nur aus wichtigen Gr\u00fcnden m\u00f6glich.<\/p>\n\n\n\n<h3 class=\"wp-block-heading\">Beitr\u00e4ge<\/h3>\n\n\n\n<p>\u2026 werden per Lastschrift eingezogen. Die Beitr\u00e4ge sind auch in den Ferien zu zahlen.<\/p>\n\n\n\n<h3 class=\"wp-block-heading\">Bewegung<\/h3>\n\n\n\n<p>\u2026 ist uns wichtig f\u00fcr eine gesunde Entwicklung Ihres Kindes. Wir bieten den Kindern einen festen Turntag und vielf\u00e4ltige Bewegungsm\u00f6glichkeiten im Au\u00dfengel\u00e4nde an.<\/p>\n\n\n\n<h3 class=\"wp-block-heading\">Christliche Feste<\/h3>\n\n\n\n<p>Wir feiern die Feste im Jahreskreis und laden die Eltern und Gro\u00dfeltern dazu herzlich ein.<\/p>\n\n\n\n<h3 class=\"wp-block-heading\">Datenschutz<\/h3>\n\n\n\n<p>\u2026 wir geben Daten und Infos von Kindern und deren Eltern nur mit schriftlicher Einverst\u00e4ndniserkl\u00e4rung der Eltern heraus. Auch das p\u00e4dagogische Personal unterliegt der Schweigepflicht.<\/p>\n\n\n\n<h3 class=\"wp-block-heading\">Eingew\u00f6hnung<\/h3>\n\n\n\n<p>Jede Eingew\u00f6hnung verl\u00e4uft bei uns individuell und richtet sich nach den Bed\u00fcrfnissen der Kinder. Sie als Bezugsperson verbringen die ersten beiden Tage circa 1,5 Stunden mit Ihrem Kind in der Gruppe. Die erste Trennung findet nach Absprache fr\u00fchstens am 3. Tag f\u00fcr etwa 30 Minuten statt. F\u00fchlt sich Ihr Kind wohl und l\u00e4sst sich bei Bedarf vom p\u00e4dagogischen Personal beruhigen, verl\u00e4ngert sich die Zeit nach und nach, in der das Kind allein in der Gruppe bleibt. <\/p>\n\n\n\n<p>Uns ist es wichtig, dass das p\u00e4dagogische Personal eine gute Bindung zu Ihrem Kind aufbauen kann. T\u00e4glich sprechen wir mit Ihnen ab, wie lange Ihr Kind am n\u00e4chsten Tag die Einrichtung besucht. Bitte verabschieden Sie sich immer von Ihrem Kind und gehen Sie nicht einfach aus der Gruppe. Sollte die Trennung mal schwerfallen, k\u00f6nnen Sie gerne jederzeit bei uns anrufen. Wir rufen Sie nat\u00fcrlich an, wenn sich Ihr Kind nicht beruhigen l\u00e4sst.<\/p>\n\n\n\n<h3 class=\"wp-block-heading\">Entwicklungsgespr\u00e4che<\/h3>\n\n\n\n<p>Zweimal j\u00e4hrlich bieten wir Ihnen ein Entwicklungsgespr\u00e4ch an. Sollte dar\u00fcber hinaus Gespr\u00e4chsbedarf bestehen, vereinbaren Sie einen Termin mit Ihrem Gruppenteam.<\/p>\n\n\n\n<h3 class=\"wp-block-heading\">Elterninfos<\/h3>\n\n\n\n<p>Wichtige Elterninfos finden Sie an den Gruppenpinnw\u00e4nden und auf unserer Padletseite.<\/p>\n\n\n\n<h3 class=\"wp-block-heading\">Elternbeirat<\/h3>\n\n\n\n<p>\u2026 kooperiert zwischen Elternhaus und Kindergarten. F\u00f6rdert die Zusammenarbeit zwischen dem Tr\u00e4ger, der Einrichtung, den Eltern und der Schule.<\/p>\n\n\n\n<h3 class=\"wp-block-heading\">Erreichbarkeit der Eltern<\/h3>\n\n\n\n<p>Stellen Sie sicher, dass Sie und von Ihnen benannten Bezugspersonen immer erreichbar sind. Denken Sie daher bitte daran, uns neue Kontaktdaten, vor allen Dingen Mobilfunknummern und Festnetznummern sofort mitzuteilen. Ebenso bitten wir darum, eine \u00c4nderung der E-Mail-Adresse umgehend bekanntzugeben.<\/p>\n\n\n\n<h3 class=\"wp-block-heading\">Elternbriefkasten<\/h3>\n\n\n\n<p>\u2026 befindet sich im Eingangsbereich der Kinderkrippe und im Kindergarten. Dieser ist f\u00fcr W\u00fcnsche, Kritik und Anregungen vorgesehen, die Sie nicht unmittelbar gegen\u00fcber den Mitarbeitern \u00e4u\u00dfern m\u00f6chten. Bitte geben Sie Ihren Namen f\u00fcr R\u00fcckfragen und R\u00fccksprache an. Wir nehmen Ihre Mitteilungen ernst und thematisieren diese auch in unseren Teamsitzungen.<\/p>\n\n\n\n<h3 class=\"wp-block-heading\">Fr\u00fchst\u00fcck<\/h3>\n\n\n\n<p>\u2026 wir bereiten gemeinsam mit den Kindern unser Fr\u00fchst\u00fcck vor. Dabei ist es uns wichtig, dass unsere Kinder verschiedenen Nahrungsmittel kennenlernen.<\/p>\n\n\n\n<h3 class=\"wp-block-heading\">Freispiel<\/h3>\n\n\n\n<p>\u2026 ist uns wichtig, damit Ihr Kind wertvolle soziale Kompetenzen erlernt. Das freie Spiel hat in unserer Einrichtung einen gro\u00dfen Stellenwert und entspricht seiner urspr\u00fcnglichen Bedeutung, auch wirklich \u201efrei\u201c w\u00e4hlen zu k\u00f6nnen, mit wem, wo, und was Ihr Kind spielen m\u00f6chte. Dadurch wird das Kind angeregt, Eigeninitiative zu entwickeln und Selbstst\u00e4ndigkeit zu \u00fcben.<\/p>\n\n\n\n<h3 class=\"wp-block-heading\">Ferien<\/h3>\n\n\n\n<p>\u2026 und Schlie\u00dftage der Einrichtung werden immer Ende September eines Kindergartenjahres bekannt gegeben.<\/p>\n\n\n\n<h3 class=\"wp-block-heading\">Garten<\/h3>\n\n\n\n<p>W\u00e4hrend der Freispielzeit gehen wir, wenn m\u00f6glich t\u00e4glich in den Garten. Bitte kleiden Sie Ihr Kind wettergerecht.<\/p>\n\n\n\n<h3 class=\"wp-block-heading\">Getr\u00e4nke<\/h3>\n\n\n\n<p>\u2026 stehen in der Gruppe und im Au\u00dfenbereich jederzeit bereit. Angeboten werden Tee und Wasser.<\/p>\n\n\n\n<h3 class=\"wp-block-heading\">Hausschuhe<\/h3>\n\n\n\n<p>F\u00fcr den Gruppenraum ben\u00f6tigt Ihr Kind aus versicherungstechnischen Gr\u00fcnden Hausschuhe oder Rutschsocken.<\/p>\n\n\n\n<h3 class=\"wp-block-heading\">Homepage<\/h3>\n\n\n\n<p>Hier finden Sie Wissenswertes rund um unsere Kindertagesst\u00e4tte und den Tr\u00e4gerverein.<\/p>\n\n\n\n<h3 class=\"wp-block-heading\">Infowand<\/h3>\n\n\n\n<p>\u2026 im Eingangsbereich. Wichtige Informationen rund um den Kindergarten (Krankheiten, Essensplan, Flohmarkt, Elternbeirat, Caritasverein St. Josef Aschaffenburg e.V., Veranstaltungen\u2026) werden hier ausgeh\u00e4ngt.<\/p>\n\n\n\n<h3 class=\"wp-block-heading\">Jahresplanung<\/h3>\n\n\n\n<p>\u2026 erfolgt an unserem Planungstag. Der Kindergarten bleibt an diesem Tag geschlossen.<\/p>\n\n\n\n<h3 class=\"wp-block-heading\">Krankheiten<\/h3>\n\n\n\n<p>Bei Fieber, Erbrechen und Durchfall darf Ihr Kind die Einrichtung nicht besuchen.<\/p>\n\n\n\n<p>Bei Erbrechen und Durchfall muss Ihr Kind mindestens 48 Stunden symptomfrei sein, um die Einrichtung wieder besuchen zu k\u00f6nnen. Bei Fieber soll Ihr Kind mindestens 24 Stunden symptomfrei sein, bevor es die Einrichtung wieder besucht.<\/p>\n\n\n\n<p>Ansteckende Krankheiten teilen Sie uns bitte mit. Wir informieren \u00fcber solche Erkrankungen alle Eltern im Eingangsbereich. Des weiteren unterliegen wir der Meldepflicht und m\u00fcssen ansteckende Krankheiten in unserer Einrichtung an das Gesundheitsamt Aschaffenburg melden.<\/p>\n\n\n\n<h3 class=\"wp-block-heading\">Kooperation<\/h3>\n\n\n\n<p>Wir arbeiten mit verschiedenen Institutionen zusammen. Das sind die Dalbergschule, die Schillerschule, die Pfarrgemeinde St. Josef, das Jugendamt Aschaffenburg, die Fr\u00fchf\u00f6rderstelle, der Familienst\u00fctzpunkt Damm, die mobile sonderp\u00e4dagogische Hilfe und verschiedene Therapeuten<\/p>\n\n\n\n<h3 class=\"wp-block-heading\">Medikamente<\/h3>\n\n\n\n<p>Aus versicherungstechnischen Gr\u00fcnden d\u00fcrfen wir keine Medikamente wie Hustensaft, Nasentropfen, Antibiotikum oder Globuli verabreichen. Krampfl\u00f6sende Mittel verabreichen wir nach Vorlage einer \u00e4rztlichen Bescheinigung.<\/p>\n\n\n\n<h3 class=\"wp-block-heading\">Mittagessen<\/h3>\n\n\n\n<p>\u2026 bekommen wir jeden Tag von dem Bio-Caterer Veras VitaminReich geliefert. Gerne gehen wir auf individuelle Lebensmittelunvertr\u00e4glichkeiten ein. Religi\u00f6se Gr\u00fcnde und Einstellungen werden ber\u00fccksichtigt.<\/p>\n\n\n\n<p>Die Bestellung und Bezahlung des Mittagessens erfolgt eigenverantwortlich durch die Eltern \u00fcber die App der Kitafino GmbH.<\/p>\n\n\n\n<h3 class=\"wp-block-heading\">Mitbringen<\/h3>\n\n\n\n<p>\u2026 zum Start in den Kindergarten bitte folgendes mitbringen:<\/p>\n\n\n\n<div class=\"wp-block-group\"><div class=\"wp-block-group__inner-container is-layout-flow wp-block-group-is-layout-flow\">\n<ul class=\"wp-block-list\"><li>Fotos<\/li><li>Hausschuhe<\/li><li>Wechselw\u00e4sche<\/li><li>Windel, Feuchtt\u00fccher (wenn n\u00f6tig)<\/li><li>Matschkleidung (Regenjacke, Matschhose, Gummistiefel)<\/li><li>Turnsachen<\/li><li>DINA 4 Leitzordner und 50 Klarsichtfolien<\/li><\/ul>\n<\/div><\/div>\n\n\n\n<p>Bitte kennzeichnen Sie alles mit dem Namen Ihres Kindes<\/p>\n\n\n\n<h3 class=\"wp-block-heading\">Notfall<\/h3>\n\n\n\n<p>Notf\u00e4lle passieren und bedeuten einen Unfall bei uns im Kindergarten: Sturz, pl\u00f6tzliches Auftreten einer Krankheit usw. Damit Sie im Notfall sofort und sicher erreichbar sind, ben\u00f6tigen wir eine aktuelle Telefonnummer.<\/p>\n\n\n\n<h3 class=\"wp-block-heading\"><strong>Obst<\/strong><\/h3>\n\n\n\n<p>Regelm\u00e4\u00dfig bekommen wir eine Obst- und Gem\u00fcsekiste aus dem Schulobstprogramm. Somit k\u00f6nnen wir Ihrem Kind t\u00e4glich frisches Obst reichen.<\/p>\n\n\n\n<h3 class=\"wp-block-heading\"><strong>\u00d6ffnungszeiten<\/strong><\/h3>\n\n\n\n<p>Unsere Kindertagest\u00e4tte ist<\/p>\n\n\n\n<div class=\"wp-block-group\"><div class=\"wp-block-group__inner-container is-layout-flow wp-block-group-is-layout-flow\">\n<ul class=\"wp-block-list\"><li>von Montag bis Donnerstag von 7.00 &#8211; 16.30 Uhr<\/li><li>freitags von 7.00 &#8211; 16.00 Uhr ge\u00f6ffnet.<\/li><\/ul>\n<\/div><\/div>\n\n\n\n<p>Um einen p\u00e4dagogischen sinnvollen Tagesablauf f\u00fcr Ihr Kind zu gew\u00e4hrleisten, bitten wir Sie Ihr Kind bis sp\u00e4testens 9.00 Uhr in die Einrichtung zu bringen.<\/p>\n\n\n\n<h3 class=\"wp-block-heading\"><strong>Postf\u00e4cher<\/strong><\/h3>\n\n\n\n<p>Achten Sie bei Ihrer Gruppe auf die Postf\u00e4cher. Hier finden Sie Informationen zu anstehenden Veranstaltungen, Notizen von anderen Eltern.<\/p>\n\n\n\n<p>Ihr pers\u00f6nliches Postfach erkennen Sie am Symbol Ihres Kindes<\/p>\n\n\n\n<h3 class=\"wp-block-heading\"><strong>Pers\u00f6nliche Gegenst\u00e4nde<\/strong><\/h3>\n\n\n\n<p>Bitte beschriften Sie alle pers\u00f6nlichen Gegenst\u00e4nde Ihres Kindes, so dass es zu keinen Missverst\u00e4ndnissen kommt.<\/p>\n\n\n\n<p>F\u00fcr Verlust oder Besch\u00e4digung \u00fcbernehmen wir keine Haftung.<\/p>\n\n\n\n<h3 class=\"wp-block-heading\"><strong>Portfolio<\/strong><\/h3>\n\n\n\n<p>Jedes Kind erh\u00e4lt von Anfang an einen Ordner. In diesem werden die Entwicklungsschritte, Vorlieben und vieles mehr mit Fotos festgehalten. Am Ende der Kindergartenzeit wird der Ordner an Ihr Kind \u00fcberreicht. Sie d\u00fcrfen sich nat\u00fcrlich auch w\u00e4hrend der Kindergartenzeit bei uns den Ordner anschauen und mit Bildern, Basteleien oder Texten von Erlebnissen mit Ihrem Kind best\u00fccken.<\/p>\n\n\n\n<h3 class=\"wp-block-heading\"><strong>Qualit\u00e4tsmanagement<\/strong><\/h3>\n\n\n\n<p>\u2026 gibt es auch in unserem Kindergarten. Wir bilden uns stetig weiter, um organisatorische Ma\u00dfnahmen und unsere Abl\u00e4ufe der p\u00e4dagogischen Arbeit zu \u00fcberpr\u00fcfen und zu verbessern.<\/p>\n\n\n\n<h3 class=\"wp-block-heading\"><strong>Ruhezeit<\/strong><\/h3>\n\n\n\n<p>\u2026 ist von 13.00 \u2013 13.45 Uhr in den Gruppen. Wir bieten f\u00fcr Kinder mit Bedarf die M\u00f6glichkeit zum Schlafen. Den individuellen Schlafrhythmus Ihres Kindes sprechen Sie bitte mit dem Gruppenteam ab.<\/p>\n\n\n\n<h3 class=\"wp-block-heading\"><strong>Schweigepflicht<\/strong><\/h3>\n\n\n\n<p>\u2026 haben alle Teammitglieder. Sie k\u00f6nnen sich darauf verlassen, dass keine Internas die Einrichtung verlassen. An diese Schweigepflicht sind auch Besucher in den Gruppen (z.B. Eingew\u00f6hnungen, Schnuppertage, Hospitationen \u2026) gebunden.<\/p>\n\n\n\n<h3 class=\"wp-block-heading\"><strong>Sauberkeitserziehung<\/strong><\/h3>\n\n\n\n<p>Sobald Ihr Kind selbst auf die Toilette gehen m\u00f6chte, sollten Sie mit der Sauberkeitserziehung beginnen. Wir unterst\u00fctzen Sie gerne dabei, sprechen Sie uns bitte an.<\/p>\n\n\n\n<h3 class=\"wp-block-heading\"><strong>Sonnenschutz<\/strong><\/h3>\n\n\n\n<p>Achten Sie bitte auf den Sonnenschutz Ihres Kindes. In den hei\u00dfen Sommermonaten ben\u00f6tigt Ihr Kind eine Kopfbedeckung.<\/p>\n\n\n\n<h3 class=\"wp-block-heading\"><strong>Turnsachen<\/strong><\/h3>\n\n\n\n<p>Bitte geben Sie Ihrem Kind ein T- Shirt, Schl\u00e4ppchen und eine kurze Hose oder Leggins mit. Versehen Sie bitte alles mit Namen.<\/p>\n\n\n\n<h3 class=\"wp-block-heading\"><strong>Verabschiedung<\/strong><\/h3>\n\n\n\n<p>Bitte achten Sie darauf, dass sich Ihr Kind bei der Abholung immer von einem Teammitglied verabschiedet.<\/p>\n\n\n\n<h3 class=\"wp-block-heading\"><strong>Versicherung<\/strong><\/h3>\n\n\n\n<p>Ihr Kind ist in der Kindertagesst\u00e4tte, bei Ausfl\u00fcgen und auf dem Weg zum und vom Kindergarten nach Hause versichert.<\/p>\n\n\n\n<h3 class=\"wp-block-heading\"><strong>Vorschulprogramm<\/strong><\/h3>\n\n\n\n<p>\u2026 findet f\u00fcr die Kinder im letzten Kindergartenjahr statt. Hier haben die Kinder die M\u00f6glichkeit, spielerisch erste Erfahrungen im Umgang mit Buchstaben und Zahlen zu sammeln.<\/p>\n\n\n\n<h3 class=\"wp-block-heading\"><strong>Wochenplan<\/strong><\/h3>\n\n\n\n<p>\u2026 wird situationsorientiert von den Kindern und dem p\u00e4dagogischen Personal gestaltet. An jeder Gruppenpinnwand h\u00e4ngt ein aktualisierter R\u00fcckblick.<\/p>\n\n\n\n<h3 class=\"wp-block-heading\"><strong>Wechselkleidung<\/strong><\/h3>\n\n\n\n<p>Bitte geben Sie Ihrem Kind einen Satz Wechselkleidung mit. Bitte passen Sie die Wechselkleidung der jeweiligen Jahreszeit und der Gr\u00f6\u00dfe Ihres Kindes an.<\/p>\n\n\n\n<h3 class=\"wp-block-heading\"><strong>Zusammenarbeit<\/strong><\/h3>\n\n\n\n<p>\u2026 mit Eltern, Schulen, Kirchengemeinde und anderen Einrichtungen ist uns wichtig.<\/p>\n\n\n\n<p>\u201eWas wir alleine nicht schaffen, das schaffen wir alle zusammen.\u201c<\/p>\n\n\n\n<p>Freuen Sie sich gemeinsam mit Ihrem Kind auf eine sch\u00f6ne Zeit in unserem Haus. Denn eine positive Einstellung der Eltern der KITA gegen\u00fcber \u00fcbertr\u00e4gt sich in der Regel auch auf die Kinder. Versuchen Sie bei Ihrem Kind Freude und Neugierde zu wecken, um ihm damit den Start zu erleichtern. Wir w\u00fcnschen Ihnen und Ihrem Kind eine gl\u00fcckliche und aufregende Zeit in unserem Haus!<\/p>\n\n\n\n<p>Das Team aus dem Kindergarten St. Josef<\/p>\n\n\n\n<p>Katholische Kindertagesst\u00e4tte St. Josef<br>Inselstra\u00dfe 20<br>63741 Aschaffenburg<br>Tel. 06021 \/ 450066 Kindergarten<br>Tel. 06021 \/ 4449577 Krippe<br><a href=\"mailto:info@kita-stjosef-ab.de\">info@kita-stjosef-ab.de<\/a><\/p>\n\n\n\n<p class=\"has-text-align-right\"><strong>Stand Juli 2025<\/strong><\/p>\n","protected":false},"excerpt":{"rendered":"<p>Abholung des Kindes Bitte teilen Sie uns mit, wenn eine uns unbekannte Person Ihr Kind abholt. Abholende Geschwisterkinder m\u00fcssen mindestens 12 Jahre sein. Abholzeit Bitte halten Sie die vereinbarten Abholzeiten ein. Diese sind wie folgt: 11.45 \u2013 12.00 Uhr ab &hellip; <\/p>\n","protected":false},"author":1,"featured_media":0,"parent":0,"menu_order":0,"comment_status":"closed","ping_status":"closed","template":"","meta":{"footnotes":""},"class_list":["post-39","page","type-page","status-publish","hentry"],"_links":{"self":[{"href":"https:\/\/kita-stjosef-ab.de\/index.php?rest_route=\/wp\/v2\/pages\/39","targetHints":{"allow":["GET"]}}],"collection":[{"href":"https:\/\/kita-stjosef-ab.de\/index.php?rest_route=\/wp\/v2\/pages"}],"about":[{"href":"https:\/\/kita-stjosef-ab.de\/index.php?rest_route=\/wp\/v2\/types\/page"}],"author":[{"embeddable":true,"href":"https:\/\/kita-stjosef-ab.de\/index.php?rest_route=\/wp\/v2\/users\/1"}],"replies":[{"embeddable":true,"href":"https:\/\/kita-stjosef-ab.de\/index.php?rest_route=%2Fwp%2Fv2%2Fcomments&post=39"}],"version-history":[{"count":10,"href":"https:\/\/kita-stjosef-ab.de\/index.php?rest_route=\/wp\/v2\/pages\/39\/revisions"}],"predecessor-version":[{"id":499,"href":"https:\/\/kita-stjosef-ab.de\/index.php?rest_route=\/wp\/v2\/pages\/39\/revisions\/499"}],"wp:attachment":[{"href":"https:\/\/kita-stjosef-ab.de\/index.php?rest_route=%2Fwp%2Fv2%2Fmedia&parent=39"}],"curies":[{"name":"wp","href":"https:\/\/api.w.org\/{rel}","templated":true}]}}