{"id":391,"date":"2021-12-23T21:11:32","date_gmt":"2021-12-23T21:11:32","guid":{"rendered":"http:\/\/kita-stjosef-ab.de\/?page_id=391"},"modified":"2025-07-10T12:29:30","modified_gmt":"2025-07-10T12:29:30","slug":"little-bird","status":"publish","type":"page","link":"https:\/\/kita-stjosef-ab.de\/?page_id=391","title":{"rendered":"Little Bird"},"content":{"rendered":"\n<p class=\"has-text-align-center\"><em>In Zusammenarbeit mit den Kindertageseinrichtungen bietet Ihnen die Stadt Aschaffenburg seit Fr\u00fchjahr 2022 die M\u00f6glichkeit, Ihr Kind \u00fcber das Onlineportal LITTLE BIRD f\u00fcr einen Platz in einer Krippe, Kindergarten oder Hort vorzumerken.<\/em><\/p>\n\n\n\n<p class=\"has-text-align-center\"><em>Sie haben im Portal die M\u00f6glichkeit, sich umfassend \u00fcber die Kinderbetreuungseinrichtungen zu informieren. Wenn Sie Angebote gefunden haben, k\u00f6nnen Sie online eine Betreuungsanfrage f\u00fcr bis zu f\u00fcnf Einrichtungen abgeben. Ob Sie tats\u00e4chlich auf die Warteliste einer Einrichtung aufgenommen werden, entscheiden die Einrichtungsleitungen. Selbstverst\u00e4ndlich stehen Ihnen das Jugendamt, wie die Einrichtungsleitungen auch nach wie vor f\u00fcr ein pers\u00f6nliches Gespr\u00e4ch und R\u00fcckfragen zur Verf\u00fcgung.<\/em><\/p>\n\n\n\n<div class=\"wp-block-image is-style-default\"><figure class=\"aligncenter size-large\"><a href=\"https:\/\/portal.little-bird.de\/aschaffenburg\"><img loading=\"lazy\" decoding=\"async\" width=\"209\" height=\"95\" src=\"http:\/\/kita-stjosef-ab.de\/wp-content\/uploads\/2021\/12\/Button_Betreuung_suchen.png\" alt=\"\" class=\"wp-image-393\"\/><\/a><\/figure><\/div>\n","protected":false},"excerpt":{"rendered":"<p>In Zusammenarbeit mit den Kindertageseinrichtungen bietet Ihnen die Stadt Aschaffenburg seit Fr\u00fchjahr 2022 die M\u00f6glichkeit, Ihr Kind \u00fcber das Onlineportal LITTLE BIRD f\u00fcr einen Platz in einer Krippe, Kindergarten oder Hort vorzumerken. Sie haben im Portal die M\u00f6glichkeit, sich umfassend &hellip; <\/p>\n","protected":false},"author":1,"featured_media":395,"parent":0,"menu_order":0,"comment_status":"closed","ping_status":"closed","template":"","meta":{"footnotes":""},"class_list":["post-391","page","type-page","status-publish","has-post-thumbnail","hentry"],"_links":{"self":[{"href":"https:\/\/kita-stjosef-ab.de\/index.php?rest_route=\/wp\/v2\/pages\/391","targetHints":{"allow":["GET"]}}],"collection":[{"href":"https:\/\/kita-stjosef-ab.de\/index.php?rest_route=\/wp\/v2\/pages"}],"about":[{"href":"https:\/\/kita-stjosef-ab.de\/index.php?rest_route=\/wp\/v2\/types\/page"}],"author":[{"embeddable":true,"href":"https:\/\/kita-stjosef-ab.de\/index.php?rest_route=\/wp\/v2\/users\/1"}],"replies":[{"embeddable":true,"href":"https:\/\/kita-stjosef-ab.de\/index.php?rest_route=%2Fwp%2Fv2%2Fcomments&post=391"}],"version-history":[{"count":2,"href":"https:\/\/kita-stjosef-ab.de\/index.php?rest_route=\/wp\/v2\/pages\/391\/revisions"}],"predecessor-version":[{"id":468,"href":"https:\/\/kita-stjosef-ab.de\/index.php?rest_route=\/wp\/v2\/pages\/391\/revisions\/468"}],"wp:featuredmedia":[{"embeddable":true,"href":"https:\/\/kita-stjosef-ab.de\/index.php?rest_route=\/wp\/v2\/media\/395"}],"wp:attachment":[{"href":"https:\/\/kita-stjosef-ab.de\/index.php?rest_route=%2Fwp%2Fv2%2Fmedia&parent=391"}],"curies":[{"name":"wp","href":"https:\/\/api.w.org\/{rel}","templated":true}]}}