{"id":517,"date":"2026-09-02T18:56:39","date_gmt":"2026-09-02T18:56:39","guid":{"rendered":"https:\/\/kita-stjosef-ab.de\/?page_id=517"},"modified":"2026-09-02T18:56:39","modified_gmt":"2026-09-02T18:56:39","slug":"unser-foerderverein","status":"publish","type":"page","link":"https:\/\/kita-stjosef-ab.de\/?page_id=517","title":{"rendered":"Unser F\u00f6rderverein"},"content":{"rendered":"\n<p class=\"wp-block-paragraph\"><strong>Herzlich willkommen auf der bei der Kita St. Josef integrierten homepage des Caritasvereins St. Josef Aschaffenburg e. V.!&nbsp;&nbsp;<\/strong><\/p>\n\n\n\n<p class=\"wp-block-paragraph\">Der Verein als vormaliger Tr\u00e4ger der Kita St. Josef konnte aus dem Bereich der Elternschaft im Juni und Juli dieses Jahres neue Mitglieder gewinnen, so dass der Vorstand des Vereins beschlossen hat, den Verein als F\u00f6rderverein weiterzuf\u00fchren. Nach einer entsprechenden \u00c4nderung des Satzungszwecks von \u00dcbernahme der Tr\u00e4gerschaft von Kinderg\u00e4rten in F\u00f6rderverein der Kita St. Josef wird der seit \u00fcber 100 Jahren bestehende Verein in der Pfarrgemeinde St. Josef das Hauptziel seiner Gr\u00fcnder, die fr\u00fchkindliche Bildung und Betreuung in den Mittelpunkt seiner T\u00e4tigkeit zu stellen, weiterhin gerecht werden.&nbsp; Die Satzung soll v\u00f6llig neu gefasst werden, damit die Vereinsstruktur an die neue T\u00e4tigkeit angepasst wird. Die neue Fassung,&nbsp;die auch die \u00c4nderung des Satzungszwecks enth\u00e4lt, wird erst mit ihrer Eintragung im Vereinsregister&nbsp;des Amtsgerichts Aschaffenburg, in dem der Verein unter der Registernummer VR 64 gef\u00fchrt wird, wirksam werden. Der Vorstand hat einen Satzungsentwurf beschlossen, der der anstehenden Mitgliederversammlung am 22.10.2026 vorgeschlagen wird. Die Einladung zu dieser Mitgliederversammlung findet sich weiter unten. Der Entwurf der neuen Satzung wird in K\u00fcrze hier ver\u00f6ffentlicht.&nbsp;<\/p>\n\n\n\n<p class=\"wp-block-paragraph\">Die in den Verein eingetretenen neuen Mitglieder hei\u00dft der Vorstand an dieser Stelle herzlich willkommen! Den bisherigen Mitgliedern des Vereins, gleich ob sie Kinder in der Kita St. Josef haben oder als ehemalige Nutzer der Einrichtung ihre Mitgliedschaft beibehalten haben, teilweise schon seit Jahrzehnten (!) Mitglied sind,&nbsp; sagen wir an dieser Stelle herzlichen Dank f\u00fcr ihre Treue zum Verein, mit deren Hilfe der Vorstand die Kita St. Josef in eine wirtschaftlich und organisatorisch gute Zukunft in den H\u00e4nden der Caritas f\u00fchren konnte. Wir freuen uns \u00fcber weitere neue Mitlieder.&nbsp;Der Jahresmitgliedsbeitrag betr\u00e4gt 10 Euro. Spenden zur F\u00f6rderung der Kita St. Josef, die in Absprache mit der Leitung der Kita und den Verantwortlichen des Tr\u00e4gers verwendet werden, sind willkommen. Spendenbescheinigungen k\u00f6nnen f\u00fcr steuerliche Zwecke ausgestellt werden.&nbsp;<\/p>\n\n\n\n<p class=\"wp-block-paragraph\">Der Vorstand w\u00fcnscht den Mitarbeitenden in der Kindertagesst\u00e4tte St. Josef, allen dort betreuten Kindern und ihren Familien einen guten Start in das neue Kindergartenjahr 2026\/2027 und hofft, auf der Mitgliederversammlung viele bisherige und neue Mitglieder begr\u00fc\u00dfen zu k\u00f6nnen.&nbsp;<\/p>\n\n\n\n<p class=\"wp-block-paragraph\">Im Namen des Vorstands Anne von Oppenkowski<br>2. Vorsitzende<br><\/p>\n","protected":false},"excerpt":{"rendered":"<p>Herzlich willkommen auf der bei der Kita St. Josef integrierten homepage des Caritasvereins St. Josef Aschaffenburg e. V.!&nbsp;&nbsp; Der Verein als vormaliger Tr\u00e4ger der Kita St. Josef konnte aus dem Bereich der Elternschaft im Juni und Juli dieses Jahres neue &hellip; <\/p>\n","protected":false},"author":1,"featured_media":0,"parent":0,"menu_order":0,"comment_status":"closed","ping_status":"closed","template":"","meta":{"footnotes":""},"class_list":["post-517","page","type-page","status-publish","hentry"],"_links":{"self":[{"href":"https:\/\/kita-stjosef-ab.de\/index.php?rest_route=\/wp\/v2\/pages\/517","targetHints":{"allow":["GET"]}}],"collection":[{"href":"https:\/\/kita-stjosef-ab.de\/index.php?rest_route=\/wp\/v2\/pages"}],"about":[{"href":"https:\/\/kita-stjosef-ab.de\/index.php?rest_route=\/wp\/v2\/types\/page"}],"author":[{"embeddable":true,"href":"https:\/\/kita-stjosef-ab.de\/index.php?rest_route=\/wp\/v2\/users\/1"}],"replies":[{"embeddable":true,"href":"https:\/\/kita-stjosef-ab.de\/index.php?rest_route=%2Fwp%2Fv2%2Fcomments&post=517"}],"version-history":[{"count":1,"href":"https:\/\/kita-stjosef-ab.de\/index.php?rest_route=\/wp\/v2\/pages\/517\/revisions"}],"predecessor-version":[{"id":519,"href":"https:\/\/kita-stjosef-ab.de\/index.php?rest_route=\/wp\/v2\/pages\/517\/revisions\/519"}],"wp:attachment":[{"href":"https:\/\/kita-stjosef-ab.de\/index.php?rest_route=%2Fwp%2Fv2%2Fmedia&parent=517"}],"curies":[{"name":"wp","href":"https:\/\/api.w.org\/{rel}","templated":true}]}}

Unser Förderverein

<p class="wp-block-paragraph"><strong>Herzlich willkommen auf der bei der Kita St. Josef integrierten homepage des Caritasvereins St. Josef Aschaffenburg e. V.!&nbsp;&nbsp;</strong></p>



<p class="wp-block-paragraph">Der Verein als vormaliger Träger der Kita St. Josef konnte aus dem Bereich der Elternschaft im Juni und Juli dieses Jahres neue Mitglieder gewinnen, so dass der Vorstand des Vereins beschlossen hat, den Verein als Förderverein weiterzuführen. Nach einer entsprechenden Änderung des Satzungszwecks von Übernahme der Trägerschaft von Kindergärten in Förderverein der Kita St. Josef wird der seit über 100 Jahren bestehende Verein in der Pfarrgemeinde St. Josef das Hauptziel seiner Gründer, die frühkindliche Bildung und Betreuung in den Mittelpunkt seiner Tätigkeit zu stellen, weiterhin gerecht werden.&nbsp; Die Satzung soll völlig neu gefasst werden, damit die Vereinsstruktur an die neue Tätigkeit angepasst wird. Die neue Fassung,&nbsp;die auch die Änderung des Satzungszwecks enthält, wird erst mit ihrer Eintragung im Vereinsregister&nbsp;des Amtsgerichts Aschaffenburg, in dem der Verein unter der Registernummer VR 64 geführt wird, wirksam werden. Der Vorstand hat einen Satzungsentwurf beschlossen, der der anstehenden Mitgliederversammlung am 22.10.2026 vorgeschlagen wird. Die Einladung zu dieser Mitgliederversammlung findet sich weiter unten. Der Entwurf der neuen Satzung wird in Kürze hier veröffentlicht.&nbsp;</p>



<p class="wp-block-paragraph">Die in den Verein eingetretenen neuen Mitglieder heißt der Vorstand an dieser Stelle herzlich willkommen! Den bisherigen Mitgliedern des Vereins, gleich ob sie Kinder in der Kita St. Josef haben oder als ehemalige Nutzer der Einrichtung ihre Mitgliedschaft beibehalten haben, teilweise schon seit Jahrzehnten (!) Mitglied sind,&nbsp; sagen wir an dieser Stelle herzlichen Dank für ihre Treue zum Verein, mit deren Hilfe der Vorstand die Kita St. Josef in eine wirtschaftlich und organisatorisch gute Zukunft in den Händen der Caritas führen konnte. Wir freuen uns über weitere neue Mitlieder.&nbsp;Der Jahresmitgliedsbeitrag beträgt 10 Euro. Spenden zur Förderung der Kita St. Josef, die in Absprache mit der Leitung der Kita und den Verantwortlichen des Trägers verwendet werden, sind willkommen. Spendenbescheinigungen können für steuerliche Zwecke ausgestellt werden.&nbsp;</p>



<p class="wp-block-paragraph">Der Vorstand wünscht den Mitarbeitenden in der Kindertagesstätte St. Josef, allen dort betreuten Kindern und ihren Familien einen guten Start in das neue Kindergartenjahr 2026/2027 und hofft, auf der Mitgliederversammlung viele bisherige und neue Mitglieder begrüßen zu können.&nbsp;</p>



<p class="wp-block-paragraph">Im Namen des Vorstands Anne von Oppenkowski<br>2. Vorsitzende<br></p>

<p>Herzlich willkommen auf der bei der Kita St. Josef integrierten homepage des Caritasvereins St. Josef Aschaffenburg e. V.!&nbsp;&nbsp; Der Verein als vormaliger Träger der Kita St. Josef konnte aus dem Bereich der Elternschaft im Juni und Juli dieses Jahres neue &hellip; </p>
